{"id":1524,"date":"2025-05-06T16:46:44","date_gmt":"2025-05-06T14:46:44","guid":{"rendered":"https:\/\/laku.lu\/?page_id=1524"},"modified":"2026-04-02T11:25:31","modified_gmt":"2026-04-02T09:25:31","slug":"10-joer-laku","status":"publish","type":"page","link":"https:\/\/laku.lu\/fr\/laku\/10-joer-laku\/","title":{"rendered":"10 Joer LAKU"},"content":{"rendered":"<p style=\"text-align: left\"><em>D\u2019LAKU steet fir eng Waasser schounend a wirtschaftlech realistesch Landwirtschaft am Waasserschutzgebitt vum Staus\u00e9i \u2013 fir och an Zukunft eng nohalteg Dr\u00e9nkwaasserversuergung k\u00ebnnen ze garant\u00e9ieren.<\/em><\/p>\n<p style=\"text-align: left\"><em>Um Stand k\u00ebnnt Dir d\u2019Zilsetzungen an d\u2019Aarbecht vun de LAKU-Memberen, w\u00e9i och d\u00e9i praktesch Zesummenaarbecht vun der Kooperatioun an der Regioun kenne l\u00e9ieren.<\/em><\/p>\n<p style=\"text-align: left\"><em>De Stand invit\u00e9iert Jonk an Al op \u00a0een thematesche Circuit, deen Iech d\u2019Wierken an d\u2019Gronds\u00e4tz vun der LAKU konkret duerstellt:<\/em><\/p>\n<p style=\"text-align: left\"><em><strong>&#8211; Waasser<\/strong>: jiddereen huet ee Recht op proppert Dr\u00e9nkwaasser \u2013 d\u2019LAKU steet fir de praktesche Waasserschutz um Terrain<\/em><\/p>\n<p style=\"text-align: left\"><em><strong>&#8211; K\u00e4ren<\/strong>: Waasser schounend landwirtschaftlech Fl\u00e4chennotzung an eng K\u00e4reproduktioun mat manner N\u00e4hrstoffantr\u00e4g an ouni Asaz vu Pestiziden<\/em><\/p>\n<p style=\"text-align: left\"><em><strong>&#8211; Brout<\/strong>: regional Veraarbechtung vu K\u00e4ren zu engem faire Pr\u00e4is fir d\u2019Baueren a Vermaartung vu qualitativ h\u00e9ichw\u00e4ertegen, regionale Produiten fir de Konsumen<\/em><\/p>\n<p style=\"text-align: left\"><em>Um Stand vertruede sinn d\u2019LAKU, den Dr\u00e9nkwaasserversuerger SEBES, den Naturpark \u00d6ewersauer an d\u2019B\u00e4ckerei Jos &amp; Jean-Marie mat der Genossenschaft K\u00e4re vum S\u00e9i.<\/em><\/p>\n<p style=\"text-align: left\"><em>Entdeckt d\u2019Zesummenaarbecht vun allen Akteuren, d\u00e9i konkret a virbildlech am S\u00ebnn vum nationalen Dr\u00e9nkwaasserschutz schaffen.<\/em><\/p>\n<p style=\"text-align: left\"><em>Mir wiere frou Iech op eisem LAKU Stand begr\u00e9issen ze dierfen!<\/em><\/p>\n<p>&nbsp;<\/p>\n<p>&nbsp;<\/p>\n<p>&nbsp;<\/p>\n<h2 style=\"text-align: left\"><a href=\"https:\/\/laku.lu\/wp-content\/uploads\/sites\/2\/2025\/06\/Publication-4_Infografik-LAKU.pdf\">Infografik : Wat ass Laku?<\/a><\/h2>\n<a href=\"https:\/\/laku.lu\/wp-content\/uploads\/sites\/2\/2025\/06\/Publication-4_Infografik-LAKU-01.png\" target=\"_blank\" rel=\"noopener\"><img decoding=\"async\" loading=\"lazy\" class=\"alignnone wp-image-1565 size-full\" src=\"https:\/\/laku.lu\/wp-content\/uploads\/sites\/2\/2025\/06\/Publication-4_Infografik-LAKU-01.png\" alt=\"\" width=\"2048\" height=\"1442\" srcset=\"https:\/\/laku.lu\/wp-content\/uploads\/sites\/2\/2025\/06\/Publication-4_Infografik-LAKU-01.png 2048w, https:\/\/laku.lu\/wp-content\/uploads\/sites\/2\/2025\/06\/Publication-4_Infografik-LAKU-01-300x211.png 300w, https:\/\/laku.lu\/wp-content\/uploads\/sites\/2\/2025\/06\/Publication-4_Infografik-LAKU-01-1024x721.png 1024w, https:\/\/laku.lu\/wp-content\/uploads\/sites\/2\/2025\/06\/Publication-4_Infografik-LAKU-01-768x541.png 768w, https:\/\/laku.lu\/wp-content\/uploads\/sites\/2\/2025\/06\/Publication-4_Infografik-LAKU-01-1536x1082.png 1536w\" sizes=\"(max-width: 2048px) 100vw, 2048px\" \/><\/a>\n<p>&nbsp;","protected":false},"excerpt":{"rendered":"<p>D\u2019LAKU steet fir eng Waasser schounend a wirtschaftlech realistesch Landwirtschaft am Waasserschutzgebitt vum Staus\u00e9i \u2013 fir och an Zukunft eng nohalteg Dr\u00e9nkwaasserversuergung k\u00ebnnen ze garant\u00e9ieren. Um Stand k\u00ebnnt Dir d\u2019Zilsetzungen an d\u2019Aarbecht vun de LAKU-Memberen, w\u00e9i och d\u00e9i praktesch Zesummenaarbecht vun der Kooperatioun an der Regioun kenne l\u00e9ieren. De Stand invit\u00e9iert Jonk an Al op&#8230;  <a class=\"excerpt-read-more\" href=\"https:\/\/laku.lu\/fr\/laku\/10-joer-laku\/\" title=\"Read10 Joer LAKU\">Read more &raquo;<\/a><\/p>\n","protected":false},"author":32,"featured_media":1667,"parent":29,"menu_order":0,"comment_status":"closed","ping_status":"closed","template":"page-videos.php","meta":[],"acf":[],"_links":{"self":[{"href":"https:\/\/laku.lu\/fr\/wp-json\/wp\/v2\/pages\/1524"}],"collection":[{"href":"https:\/\/laku.lu\/fr\/wp-json\/wp\/v2\/pages"}],"about":[{"href":"https:\/\/laku.lu\/fr\/wp-json\/wp\/v2\/types\/page"}],"author":[{"embeddable":true,"href":"https:\/\/laku.lu\/fr\/wp-json\/wp\/v2\/users\/32"}],"replies":[{"embeddable":true,"href":"https:\/\/laku.lu\/fr\/wp-json\/wp\/v2\/comments?post=1524"}],"version-history":[{"count":37,"href":"https:\/\/laku.lu\/fr\/wp-json\/wp\/v2\/pages\/1524\/revisions"}],"predecessor-version":[{"id":1666,"href":"https:\/\/laku.lu\/fr\/wp-json\/wp\/v2\/pages\/1524\/revisions\/1666"}],"up":[{"embeddable":true,"href":"https:\/\/laku.lu\/fr\/wp-json\/wp\/v2\/pages\/29"}],"wp:featuredmedia":[{"embeddable":true,"href":"https:\/\/laku.lu\/fr\/wp-json\/wp\/v2\/media\/1667"}],"wp:attachment":[{"href":"https:\/\/laku.lu\/fr\/wp-json\/wp\/v2\/media?parent=1524"}],"curies":[{"name":"wp","href":"https:\/\/api.w.org\/{rel}","templated":true}]}}

<p style="text-align: left"><em>D’LAKU steet fir eng Waasser schounend a wirtschaftlech realistesch Landwirtschaft am Waasserschutzgebitt vum Stauséi – fir och an Zukunft eng nohalteg Drénkwaasserversuergung kënnen ze garantéieren.</em></p>
<p style="text-align: left"><em>Um Stand kënnt Dir d’Zilsetzungen an d’Aarbecht vun de LAKU-Memberen, wéi och déi praktesch Zesummenaarbecht vun der Kooperatioun an der Regioun kenne léieren.</em></p>
<p style="text-align: left"><em>De Stand invitéiert Jonk an Al op  een thematesche Circuit, deen Iech d’Wierken an d’Grondsätz vun der LAKU konkret duerstellt:</em></p>
<p style="text-align: left"><em><strong>&#8211; Waasser</strong>: jiddereen huet ee Recht op proppert Drénkwaasser – d’LAKU steet fir de praktesche Waasserschutz um Terrain</em></p>
<p style="text-align: left"><em><strong>&#8211; Kären</strong>: Waasser schounend landwirtschaftlech Flächennotzung an eng Käreproduktioun mat manner Nährstoffanträg an ouni Asaz vu Pestiziden</em></p>
<p style="text-align: left"><em><strong>&#8211; Brout</strong>: regional Veraarbechtung vu Kären zu engem faire Präis fir d’Baueren a Vermaartung vu qualitativ héichwäertegen, regionale Produiten fir de Konsumen</em></p>
<p style="text-align: left"><em>Um Stand vertruede sinn d’LAKU, den Drénkwaasserversuerger SEBES, den Naturpark Öewersauer an d’Bäckerei Jos &amp; Jean-Marie mat der Genossenschaft Käre vum Séi.</em></p>
<p style="text-align: left"><em>Entdeckt d’Zesummenaarbecht vun allen Akteuren, déi konkret a virbildlech am Sënn vum nationalen Drénkwaasserschutz schaffen.</em></p>
<p style="text-align: left"><em>Mir wiere frou Iech op eisem LAKU Stand begréissen ze dierfen!</em></p>
<p>&nbsp;</p>
<p>&nbsp;</p>
<p>&nbsp;</p>
<h2 style="text-align: left"><a href="https://laku.lu/wp-content/uploads/sites/2/2025/06/Publication-4_Infografik-LAKU.pdf">Infografik : Wat ass Laku?</a></h2>
<a href="https://laku.lu/wp-content/uploads/sites/2/2025/06/Publication-4_Infografik-LAKU-01.png" target="_blank" rel="noopener"><img decoding="async" loading="lazy" class="alignnone wp-image-1565 size-full" src="https://laku.lu/wp-content/uploads/sites/2/2025/06/Publication-4_Infografik-LAKU-01.png" alt="" width="2048" height="1442" srcset="https://laku.lu/wp-content/uploads/sites/2/2025/06/Publication-4_Infografik-LAKU-01.png 2048w, https://laku.lu/wp-content/uploads/sites/2/2025/06/Publication-4_Infografik-LAKU-01-300x211.png 300w, https://laku.lu/wp-content/uploads/sites/2/2025/06/Publication-4_Infografik-LAKU-01-1024x721.png 1024w, https://laku.lu/wp-content/uploads/sites/2/2025/06/Publication-4_Infografik-LAKU-01-768x541.png 768w, https://laku.lu/wp-content/uploads/sites/2/2025/06/Publication-4_Infografik-LAKU-01-1536x1082.png 1536w" sizes="(max-width: 2048px) 100vw, 2048px" /></a>
<p>&nbsp;

<p>D’LAKU steet fir eng Waasser schounend a wirtschaftlech realistesch Landwirtschaft am Waasserschutzgebitt vum Stauséi – fir och an Zukunft eng nohalteg Drénkwaasserversuergung kënnen ze garantéieren. Um Stand kënnt Dir d’Zilsetzungen an d’Aarbecht vun de LAKU-Memberen, wéi och déi praktesch Zesummenaarbecht vun der Kooperatioun an der Regioun kenne léieren. De Stand invitéiert Jonk an Al op&#8230;  <a class="excerpt-read-more" href="https://laku.lu/fr/laku/10-joer-laku/" title="Read10 Joer LAKU">Read more &raquo;</a></p>
