{"id":167,"date":"2020-10-26T14:35:55","date_gmt":"2020-10-26T13:35:55","guid":{"rendered":"https:\/\/laku.lu\/?page_id=167"},"modified":"2025-07-25T08:22:58","modified_gmt":"2025-07-25T06:22:58","slug":"vorstand-koordination","status":"publish","type":"page","link":"https:\/\/laku.lu\/fr\/laku\/vorstand-koordination\/","title":{"rendered":"Conseil d&rsquo;administration et coordination"},"content":{"rendered":"Le comit\u00e9 de la LAKU, compos\u00e9 de deux repr\u00e9sentants du Parc naturel de la Haute-S\u00fbre et de deux repr\u00e9sentants du SEBES, ainsi que de quatre agriculteurs, est le principal organe de d\u00e9cision de la coop\u00e9ration. Le comit\u00e9 vote entre autres le contenu du programme de mesures annuel et fait \u00e9galement office de plateforme d\u2019\u00e9changes entre agriculteurs, minist\u00e8res et organisations. La coordination et la gestion de la LAKU sont assur\u00e9es par le Parc naturel de la Haute-S\u00fbre et r\u00e9gl\u00e9es par une convention entre le SEBES et le Parc naturel.<\/p>\n<p>&nbsp;<\/p>\n<p>&nbsp;<\/p>\n<h6 style=\"text-align: center\"><a href=\"https:\/\/laku.lu\/wp-content\/uploads\/sites\/2\/2025\/07\/RS13500_Shooting_00007.jpg\">Die Koordination<\/a><a href=\"https:\/\/laku.lu\/wp-content\/uploads\/sites\/2\/2025\/07\/RS13500_Shooting_00007.jpg\"><br \/>\n<img decoding=\"async\" loading=\"lazy\" class=\"wp-image-1633 aligncenter\" src=\"https:\/\/laku.lu\/wp-content\/uploads\/sites\/2\/2025\/07\/RS13500_Shooting_00007.jpg\" alt=\"\" width=\"942\" height=\"628\" srcset=\"https:\/\/laku.lu\/wp-content\/uploads\/sites\/2\/2025\/07\/RS13500_Shooting_00007.jpg 2048w, https:\/\/laku.lu\/wp-content\/uploads\/sites\/2\/2025\/07\/RS13500_Shooting_00007-300x200.jpg 300w, https:\/\/laku.lu\/wp-content\/uploads\/sites\/2\/2025\/07\/RS13500_Shooting_00007-1024x683.jpg 1024w, https:\/\/laku.lu\/wp-content\/uploads\/sites\/2\/2025\/07\/RS13500_Shooting_00007-768x512.jpg 768w, https:\/\/laku.lu\/wp-content\/uploads\/sites\/2\/2025\/07\/RS13500_Shooting_00007-1536x1024.jpg 1536w\" sizes=\"(max-width: 942px) 100vw, 942px\" \/><\/a><em>v. l. n. r. Hilger Jemp, Katrin Scherer, Paul Nickels &amp; Martine Stoll<\/em><\/h6>","protected":false},"excerpt":{"rendered":"<p>Le comit\u00e9 de la LAKU, compos\u00e9 de deux repr\u00e9sentants du Parc naturel de la Haute-S\u00fbre et de deux repr\u00e9sentants du SEBES, ainsi que de quatre agriculteurs, est le principal organe de d\u00e9cision de la coop\u00e9ration. Le comit\u00e9 vote entre autres le contenu du programme de mesures annuel et fait \u00e9galement office de plateforme d\u2019\u00e9changes entre&#8230;  <a class=\"excerpt-read-more\" href=\"https:\/\/laku.lu\/fr\/laku\/vorstand-koordination\/\" title=\"ReadConseil d&rsquo;administration et coordination\">Read more &raquo;<\/a><\/p>\n","protected":false},"author":1,"featured_media":1422,"parent":29,"menu_order":2,"comment_status":"closed","ping_status":"closed","template":"","meta":[],"acf":[],"_links":{"self":[{"href":"https:\/\/laku.lu\/fr\/wp-json\/wp\/v2\/pages\/167"}],"collection":[{"href":"https:\/\/laku.lu\/fr\/wp-json\/wp\/v2\/pages"}],"about":[{"href":"https:\/\/laku.lu\/fr\/wp-json\/wp\/v2\/types\/page"}],"author":[{"embeddable":true,"href":"https:\/\/laku.lu\/fr\/wp-json\/wp\/v2\/users\/1"}],"replies":[{"embeddable":true,"href":"https:\/\/laku.lu\/fr\/wp-json\/wp\/v2\/comments?post=167"}],"version-history":[{"count":7,"href":"https:\/\/laku.lu\/fr\/wp-json\/wp\/v2\/pages\/167\/revisions"}],"predecessor-version":[{"id":1104,"href":"https:\/\/laku.lu\/fr\/wp-json\/wp\/v2\/pages\/167\/revisions\/1104"}],"up":[{"embeddable":true,"href":"https:\/\/laku.lu\/fr\/wp-json\/wp\/v2\/pages\/29"}],"wp:featuredmedia":[{"embeddable":true,"href":"https:\/\/laku.lu\/fr\/wp-json\/wp\/v2\/media\/1422"}],"wp:attachment":[{"href":"https:\/\/laku.lu\/fr\/wp-json\/wp\/v2\/media?parent=167"}],"curies":[{"name":"wp","href":"https:\/\/api.w.org\/{rel}","templated":true}]}}

Le comité de la LAKU, composé de deux représentants du Parc naturel de la Haute-Sûre et de deux représentants du SEBES, ainsi que de quatre agriculteurs, est le principal organe de décision de la coopération. Le comité vote entre autres le contenu du programme de mesures annuel et fait également office de plateforme d’échanges entre agriculteurs, ministères et organisations. La coordination et la gestion de la LAKU sont assurées par le Parc naturel de la Haute-Sûre et réglées par une convention entre le SEBES et le Parc naturel.</p>
<p>&nbsp;</p>
<p>&nbsp;</p>
<h6 style="text-align: center"><a href="https://laku.lu/wp-content/uploads/sites/2/2025/07/RS13500_Shooting_00007.jpg">Die Koordination</a><a href="https://laku.lu/wp-content/uploads/sites/2/2025/07/RS13500_Shooting_00007.jpg"><br />
<img decoding="async" loading="lazy" class="wp-image-1633 aligncenter" src="https://laku.lu/wp-content/uploads/sites/2/2025/07/RS13500_Shooting_00007.jpg" alt="" width="942" height="628" srcset="https://laku.lu/wp-content/uploads/sites/2/2025/07/RS13500_Shooting_00007.jpg 2048w, https://laku.lu/wp-content/uploads/sites/2/2025/07/RS13500_Shooting_00007-300x200.jpg 300w, https://laku.lu/wp-content/uploads/sites/2/2025/07/RS13500_Shooting_00007-1024x683.jpg 1024w, https://laku.lu/wp-content/uploads/sites/2/2025/07/RS13500_Shooting_00007-768x512.jpg 768w, https://laku.lu/wp-content/uploads/sites/2/2025/07/RS13500_Shooting_00007-1536x1024.jpg 1536w" sizes="(max-width: 942px) 100vw, 942px" /></a><em>v. l. n. r. Hilger Jemp, Katrin Scherer, Paul Nickels &amp; Martine Stoll</em></h6>

<p>Le comité de la LAKU, composé de deux représentants du Parc naturel de la Haute-Sûre et de deux représentants du SEBES, ainsi que de quatre agriculteurs, est le principal organe de décision de la coopération. Le comité vote entre autres le contenu du programme de mesures annuel et fait également office de plateforme d’échanges entre&#8230;  <a class="excerpt-read-more" href="https://laku.lu/fr/laku/vorstand-koordination/" title="ReadConseil d&rsquo;administration et coordination">Read more &raquo;</a></p>
